it of 8577?
7
What is the units digit of 16069?
9
What is the units digit of 727?
7
What is the thousands digit of 2394?
2
What is the thousands digit of 3799?
3
What is the units digit of 3555?
5
What is the thousands digit of 1477?
1
What is the tens digit of 4116?
1
What is the thousands digit of 6848?
6
What is the hundreds digit of 1194?
1
What is the hundreds digit of 49190?
1
What is the units digit of 3635?
5
What is the thousands digit of 12790?
2
What is the tens digit of 5834?
3
What is the units digit of 6700?
0
What is the tens digit of 9903?
0
What is the thousands digit of 14259?
4
What is the hundreds digit of 612?
6
What is the thousands digit of 3516?
3
What is the hundreds digit of 626?
6
What is the hundreds digit of 970?
9
What is the hundreds digit of 8362?
3
What is the units digit of 4708?
8
What is the thousands digit of 1559?
1
What is the units digit of 19718?
8
What is the units digit of 38990?
0
What is the units digit of 24006?
6
What is the tens digit of 1121?
2
What is the hundreds digit of 26080?
0
What is the tens digit of 3940?
4
What is the units digit of 11987?
7
What is the hundreds digit of 30885?
8
What is the hundreds digit of 16187?
1
What is the units digit of 2372?
2
What is the hundreds digit of 17590?
5
What is the tens digit of 2352?
5
What is the units digit of 1496?
6
What is the tens digit of 365?
6
What is the tens digit of 2931?
3
What is the thousands digit of 1226?
1
What is the ten thousands digit of 27405?
2
What is the units digit of 8947?
7
What is the ten thousands digit of 23236?
2
What is the thousands digit of 5450?
5
What is the hundreds digit of 913?
9
What is the thousands digit of 7525?
7
What is the units digit of 3022?
2
What is the tens digit of 777?
7
What is the thousands digit of 1902?
1
What is the tens digit of 5775?
7
What is the hundreds digit of 1375?
3
What is the units digit of 96?
6
What is the tens digit of 73?
7
What is the thousands digit of 1059?
1
What is the thousands digit of 21499?
1
What is the tens digit of 8979?
7
What is the tens digit of 4604?
0
What is the thousands digit of 2956?
2
What is the tens digit of 4449?
4
What is the units digit of 96571?
1
What is the hundreds digit of 10436?
4
What is the thousands digit of 4004?
4
What is the ten thousands digit of 70410?
7
What is the tens digit of 99977?
7
What is the hundreds digit of 6517?
5
What is the units digit of 13325?
5
What is the thousands digit of 7275?
7
What is the units digit of 702?
2
What is the thousands digit of 2224?
2
What is the thousands digit of 20156?
0
What is the units digit of 218?
8
What is the thousands digit of 5247?
5
What is the ten thousands digit of 20562?
2
What is the ten thousands digit of 149476?
4
What is the thousands digit of 38973?
8
What is the thousands digit of 1294?
1
What is the thousands digit of 31464?
1
What is the tens digit of 3878?
7
What is the hundreds digit of 4544?
5
What is the units digit of 1135?
5
What is the hundreds digit of 929?
9
What is the units digit of 7484?
4
What is the tens digit of 53307?
0
What is the units digit of 1845?
5
What is the units digit of 1300?
0
What is the hundreds digit of 2768?
7
What is the tens digit of 49?
4
What is the tens digit of 16273?
7
What is the tens digit of 9040?
4
What is the hundreds digit of 35128?
1
What is the ten thousands digit of 15424?
1
What is the hundreds digit of 18562?
5
What is the hundreds digit of 7369?
3
What is the hundreds digit of 11325?
3
What is the thousands digit of 8929?
8
What is the hundreds digit of 173?
1
What is the tens digit of 6525?
2
What is the tens digit of 1847?
4
What is the thousands digit of 5818?
5
What is the hundreds digit of 536?
5
What is the units digit of 785?
5
What is the hundreds digit of 19509?
5
What is the units digit of 8195?
5
What is the tens digit of 2117?
1
What is the tens digit of 2532?
3
What is the hundreds digit of 1972?
9
What is the units digit of 1825?
5
What is the hundreds digit of 871?
8
What is the tens digit of 242?
4
What is the units digit of 4510?
0
What is the units digit of 1141?
1
What is the hundreds digit of 8483?
4
What is the tens digit of 1473?
7
What is the hundreds digit of 896?
8
What is the thousands digit of 10628?
0
What is the thousands digit of 8410?
8
What is the tens digit of 9849?
4
What is the thousands digit of 21615?
1
What is the ten thousands digit of 14496?
1
What is the hundreds digit of 52195?
1
What is the tens digit of 16316?
1
What is the ten thousands digit of 17130?
1
What is the tens digit of 50610?
1
What is the tens digit of 8702?
0
What is the units digit of 6104?
4
What is the tens digit of 13819?
1
What is the units digit of 10669?
9
What is the tens digit of 40666?
6
What is the ten thousands digit of 45664?
4
What is the hundreds digit of 4860?
8
What is the ten thousands digit of 13924?
1
What is the hundreds digit of 5719?
7
What is the units digit of 968?
8
What is the hundreds digit of 33078?
0
What is the ten thousands digit of 125089?
2
What is the tens digit of 1730?
3
What is the units digit of 5256?
6
What is the ten thousands digit of 86238?
8
What is the hundreds digit of 5692?
6
What is the ten thousands digit of 16268?
1
What is the hundreds digit of 23401?
4
What is the units digit of 603?
3
What is the ten thousands digit of 96604?
9
What is the units digit of 13998?
8
What is the hundreds digit of 2670?
6
What is the units digit of 3522?
2
What is the tens digit of 3809?
0
What is the tens digit of 1401?
0
What is the tens digit of 2853?
5
What is the tens digit of 2324?
2
What is the thousands digit of 3851?
3
What is the units digit of 3405?
5
What is the tens digit of 10376?
7
What is the units digit of 27506?
6
What is the thousands digit of 2545?
2
What is the thousands digit of 18552?
8
What is the tens digit of 9003?
0
What is the units digit of 19586?
6
What is the units digit of 3143?
3
What is the units digit of 20594?
4
What is the hundreds digit of 8536?
5
What is the hundreds digit of 731?
7
What is the tens digit of 3053?
5
What is the units digit of 6779?
9
What is the units digit of 34?
4
What is the units digit of 2138?
8
What is the units digit of 4729?
9
What is the thousands digit of 50150?
0
What is the units digit of 3060?
0
What is the units digit of 80?
0
What is the hundreds digit of 30062?
0
What is the hundreds digit of 288?
2
What is the tens digit of 122009?
0
What is the hundreds digit of 4827?
8
What is the tens digit of 1761?
6
What is the tens digit of 1200?
0
What is the hundreds digit of 14371?
3
What is the hundreds digit of 16982?
9
What is the units digit of 86?
6
What is the ten thousands digit of 20459?
2
What is the hundreds digit of 299?
2
What is the units digit of 13830?
0
What is the units digit of 22593?
3
What is the units digit of 76761?
1
What is the units digit of 5035?
5
What is the tens digit of 168636?
3
What is the units digit of 9?
9
What is the thousands digit of 1152?
1
What is the hundreds digit of 964?
9
What is the hundreds digit of 76981?
9
What is the hundreds digit of 1174?
1
What is the hundreds digit of 192500?
5
What is the hundreds digit of 23340?
3
What is the units digit of 1007?
7
What is the hundreds digit of 415?
4
What is the hundreds digit of 5882?
8
What is the units digit of 73698?
8
What is the tens digit of 11471?
7
What is the units digit of 77481?
1
What is the hundreds digit of 11278?
2
What is the hundreds digit of 2054?
0
What is the units digit of 19692?
2
What is the units digit of 68?
8
What is the hundreds digit of 24993?
9
What is the tens digit of 52?
5
What is the hundreds digit of 648?
6
What is the ten thousands digit of 65921?
6
What is the hundreds digit of 432?
4
What is the units digit of 2?
2
What is the units digit of 1891?
1
What is the units digit of 24?
4
What is the tens digit of 200?
0
What is the units digit of 26457?
7
What is the ten thousands digit of 12298?
1
What is the tens digit of 6317?
1
What is the hundreds digit of 5849?
8
What is the hundreds digit of 35075?
0
What is the units digit of 14920?
0
What is the tens digit of 859?
5
What is the hundreds digit of 15096?
0
What is the thousands digit of 6010?
6
What is the thousands digit of 3017?
3
What is t